ose 4*a = -4*q + 9 - 45, 5*a = -4*q - 50. Let w be (-1851)/(-21) + 2/a. Suppose -5*t + t = -4*r - w, 3*r = -5*t + 94. List the prime factors of t.
2, 5
Let c be -4*4/(-16) - 1. Suppose 4*o - 126 = 3*w + 31, 4*w + 12 = c. Suppose 5*t = 43 + o. List the prime factors of t.
2
Let b = 55 - -333. List the prime factors of b.
2, 97
Let m be 35/(-7) - -1*3. Let z be (-2)/m + -4 + 114. Suppose -h - 54 = -3*g, h + 13 = -5*g + z. What are the prime factors of g?
19
Suppose 0*t + 4*t + 188 = 0. Let b be (-15)/(-10) - t/2. Let m = -21 + b. What are the prime factors of m?
2
Suppose -4*n + 2*l = -2, 2*n - 2 = -3*l - 5. Let d be 1/6 + 1065/90. Suppose j = -n*j + d. List the prime factors of j.
2, 3
Let w = 0 - -2. Suppose -3*a = -2*t + 170, 0*a = w*t + 3*a - 182. List the prime factors of t.
2, 11
Let a(k) = -k**3 - 33*k**2 + 75*k + 87. List the prime factors of a(-36).
3, 5, 17
Suppose 0 = 13*c - 5487 - 870. What are the prime factors of c?
3, 163
Let i = 13 + -15. Let j be 0/(1/2*i). Suppose j = 3*m - 2*m - 34. List the prime factors of m.
2, 17
Let y(p) = -7*p - 8. Let v = 13 - 2. Let t(i) = -i**3 + 10*i**2 + 11*i - 5. Let j be t(v). What are the prime factors of y(j)?
3
Let j(g) = -g**2 - g + 4304. List the prime factors of j(0).
2, 269
Suppose -46 = 3*d - 5*r, -2 = -r + 3. Let i be 10/(-6) - 159/(-9). Let o = i + d. What are the prime factors of o?
3
Let l = 659 - 934. What are the prime factors of 12/(-18) - l/3?
7, 13
Let y be -101 - ((-4)/(-1) - 4). What are the prime factors of 18/(-4) + 5 - y/2?
3, 17
Let o(g) = g**2 + 5*g + 4. Let f be (3/6)/((-2)/16). Let b be o(f). Suppose b*z = z - 3. List the prime factors of z.
3
Let b(p) = 2*p**2 + 7*p - 1. Let k be b(-3). Suppose 40 = -4*y + 4*n, y + 5*n - 4 = -14. List the prime factors of (k/y)/((-1)/(-65)).
2, 13
Let p(b) = b**3 - 11*b**2 - 10*b - 11. Let f(s) = -s**2 + 2*s. Let n be f(1). Let u be 1 + (8 + 3)/n. What are the prime factors of p(u)?
13
Suppose 8*a - 2002 = a. Suppose a = -0*v + 5*v - 2*c, -2*v + 97 = 5*c. List the prime factors of v.
2, 7
Suppose -22*u = -18*u - 12. Let l = 104 + 4. Suppose 0 = -o - u*o + l. List the prime factors of o.
3
Let c = 19 + -15. Suppose -c*a = -4 - 4. Suppose 0 = -4*y + 5*l + 25, 0 = 7*y - 2*y + a*l - 23. What are the prime factors of y?
5
Let j(t) = -t**2 - 4*t - 7. Let s(v) = 4*v**2 + 12*v + 21. Let q(y) = 7*j(y) + 2*s(y). List the prime factors of q(13).
2, 5, 11
Let z = -50 - -54. Suppose 347 = z*b + j, 3*j + 221 + 58 = 3*b. What are the prime factors of b?
2, 11
Suppose 5*h = 4*i + 3748, -5 = -5*i + 10. What are the prime factors of h?
2, 47
Let k(f) = 196*f + 638. What are the prime factors of k(8)?
2, 1103
Suppose 5*w + 25 = 60. Let h(s) = s**2 + 7*s - 3. List the prime factors of h(w).
5, 19
Let z = 101 + 1. Let a = z + -172. What are the prime factors of ((-18)/(-45))/((-2)/a)?
2, 7
Suppose -5 + 2 = -p. Suppose p*m - 149 = 151. What are the prime factors of m?
2, 5
Suppose 2*g - 7*g + 10 = 0. Suppose b + g = 7, -3*b + 30 = 5*c. Suppose c*j = -0*j + 132. What are the prime factors of j?
2, 11
Let x(g) = g - 13. Let h be x(6). Let d = h + 16. List the prime factors of d.
3
Let t(c) = -c**2 + 7*c - 14. Let q be t(4). List the prime factors of (-36)/(1/q*3).
2, 3
Suppose 5*k = 15*k - 4210. What are the prime factors of k?
421
Suppose 26*w - 45119 = -8667. List the prime factors of w.
2, 701
Let c be ((-2)/(-6))/(3/54). Let g be 15/(-6)*c/(-5). Suppose -4*u + 56 = 2*n, n + 4*u - 92 = -g*n. What are the prime factors of n?
2, 3
Suppose 0 = 2*f + 12 - 108. Suppose -p - 88 = 5*c, 0*c + 3*c + 62 = 4*p. Let i = f + c. What are the prime factors of i?
2, 3, 5
Let q(z) = 8*z + 1095. List the prime factors of q(0).
3, 5, 73
Let u(g) = -3*g + 11. Let z(h) = -7*h + 23. Let k(m) = -5*u(m) + 2*z(m). Let b be k(7). List the prime factors of (29 - -13)/(b/(-3)).
3, 7
Let t be (-44)/20 - 4/(-20). List the prime factors of (-2)/(-3 + t + 0)*445.
2, 89
List the prime factors of (-50*9/(-36))/(2/28).
5, 7
Let a(k) = 5*k + 2. Let x(n) = 46*n + 18. Let r(f) = 52*a(f) - 6*x(f). What are the prime factors of r(-3)?
2, 11
Suppose 0 = -9*f + 4*f + 20. Let c be 2/(20/(-8) - -3). List the prime factors of 47 + c/4*f.
3, 17
Suppose x + x = -30. Let j(i) be the first derivative of i**2/2 + 32*i + 19. List the prime factors of j(x).
17
Suppose -3*u - 9 = 0, -32 = -4*r + u - 9. Let g be 1 - (0 + -1) - (-8 + -86). Suppose -5*i + n = -119, 0 = i - r*i + n + g. List the prime factors of i.
23
Let v(a) = -1786*a**3 + 2*a**2 - a - 1. What are the prime factors of v(-1)?
2, 3, 149
Suppose 5*c = 20, 0 = 4*r + 4*c - 3*c - 88. Let f(p) = p**3 - 8*p**2 + 8*p + 8. Let x be f(7). Let d = r - x. What are the prime factors of d?
2, 3
Suppose 0 = -5*k + 1 - 6. Let x be (15 + -16)*(-3 - k). Suppose 4*n - 68 = -x*s, 2*s = 5*s + 3*n - 99. List the prime factors of s.
2
Let y(m) = m + 1. Let l(g) = 2*g + 3. Let h(p) = -2*l(p) + 5*y(p). List the prime factors of h(5).
2
Suppose -10*t + 12819 = -7481. List the prime factors of t.
2, 5, 7, 29
Let y be 7/1 - (6 + -8). Let p = 16 - y. Suppose -p*n + 42 = -n. What are the prime factors of n?
7
Let d = -5 + 9. Let s(z) = 6*z + 0 + z**3 + d + 9*z**2 - 2. List the prime factors of s(-8).
2, 3
Suppose -k + 4*q + 1252 = 3*k, 0 = -2*q - 6. List the prime factors of k.
2, 5, 31
Let b = 110 + -28. List the prime factors of b.
2, 41
Let b be (-5)/(-4) - (-61325)/44. Suppose 7*o + 2*o = b. What are the prime factors of o?
5, 31
Let s be (4 + -31)*(-40)/(-6). Let n = 444 + s. List the prime factors of n.
2, 3, 11
Let u = -1499 + 2682. What are the prime factors of u?
7, 13
Suppose 0 = -2*c + o - 4*o + 24, -4 = -4*c + 5*o. Suppose -c*i = -7*i + 33. List the prime factors of i.
3, 11
Let n(h) = h**2 - 4*h - 4. Let u be n(-12). Let x = 339 - u. List the prime factors of x.
151
Let o(p) = -p**3 + p**2 - p + 2. Let w be o(2). Let a be (-1)/(((-4)/(-3))/w). Suppose i = -2*q + a*q + 33, 0 = 3*i - 2*q - 96. List the prime factors of i.
2, 3, 5
Suppose 8*o + q = 12*o - 21561, 0 = -2*o + 5*q + 10803. What are the prime factors of o?
17, 317
Suppose 2*u = 3*u + 6. Let j(v) = -2*v - 18. Let d be j(-9). List the prime factors of (-63)/6*(u + d).
3, 7
Let f = -7271 + 11355. List the prime factors of f.
2, 1021
Suppose 6*x - 3*x - 219 = 0. Let h = -40 + x. Suppose 0 = m + 2 - h. List the prime factors of m.
31
Suppose -o + 16 = 3*o. Let m be (-520)/(-9) + o/18. Let b = 91 - m. What are the prime factors of b?
3, 11
Let h = -29 + -29. Let v = -576 + 704. Let y = v + h. List the prime factors of y.
2, 5, 7
Let m = 17 + -29. Suppose -10*d + 9*d + 130 = 0. What are the prime factors of d/12 - 2/m?
11
Let c(u) be the second derivative of u**4/4 + u**3/6 + u**2/2 - u. Let b(l) = l**2 + l. Let g(h) = -2*b(h) + c(h). List the prime factors of g(4).
13
Let u = -19 + 19. Let l(o) = o**2 + o - 3. Let k be l(u). List the prime factors of (-22)/k - (-8)/(-24).
7
Let b(a) = a**3 + 8*a**2 + 6*a - 7. Suppose 1 - 8 = q. Let t be b(q). Suppose 0*i - 2*i + w + 8 = 0, t = i - 4*w + 10. List the prime factors of i.
2, 3
Suppose -3*j + 1 = -5. Suppose 0 = 3*u + 5*w + 28, 5*w + 3 = j*u + 4*w. List the prime factors of -2 + (u - -3) - -26.
2, 13
Let i(m) = -m + 1. Let q be i(-1). Suppose -r - y = -15 - 4, 2 = q*y. What are the prime factors of r?
2, 3
Suppose -129 - 57 = -g. Suppose -8*b = -g + 42. What are the prime factors of b?
2, 3
Suppose -5*f + 11 = 2*k - 1, 24 = 3*f - 3*k. Let r be -1 + 100/6*(-60)/(-40). Suppose -4*o + r = 2*t, 0 = f*t - 5*o - 69 - 18. What are the prime factors of t?
2, 3
Suppose -249 + 84 = -5*b - a, 0 = 2*a. List the prime factors of b.
3, 11
Let c be -5*(68/20 - 3). Let t(q) = 3*q**2 + q - 1. Let r be t(c). Let l = -2 + r. What are the prime factors of l?
7
Suppose -w - 1187 = -3*t, 43*t - 3*w - 1179 = 40*t. List the prime factors of t.
397
Let d = 90 - 82. Let l(f) = 2*f**2 + 8*f + 4. List the prime factors of l(d).
2, 7
List the prime factors of (-9)/(-21) + (-12174)/(-14) + -1.
11, 79
Let i be 12 + 3*(-4 + 3). Suppose 3*s = -0*s + i. Suppose w + 70 = s*w. List the prime factors of w.
5, 7
Let c(r) = -r**2 + 2*r + 275. Let l be c(0). Let b = l + -193. What are the prime factors of b?
2, 41
Suppose 0 = 6*z - z - x - 4665, -4*z - 3*x + 3732 = 0. What are the prime factors of 